{"id":2,"date":"2016-05-10T03:48:21","date_gmt":"2016-05-10T03:48:21","guid":{"rendered":"http:\/\/landmaschinenfreunde-louisendorf.de\/?page_id=2"},"modified":"2024-07-01T17:10:27","modified_gmt":"2024-07-01T15:10:27","slug":"sample-page","status":"publish","type":"page","link":"https:\/\/landmaschinenfreunde-louisendorf.de\/","title":{"rendered":""},"content":{"rendered":"\n<div class=\"wp-block-columns is-layout-flex wp-container-core-columns-is-layout-9d6595d7 wp-block-columns-is-layout-flex\">\n<div class=\"wp-block-column is-vertically-aligned-center is-layout-flow wp-block-column-is-layout-flow\" style=\"flex-basis:33.33%\"><div class=\"wp-block-image\">\n<figure class=\"aligncenter size-large\"><img loading=\"lazy\" decoding=\"async\" width=\"1024\" height=\"479\" src=\"http:\/\/landmaschinenfreunde-louisendorf.de\/wp-content\/uploads\/2021\/05\/Logo_Landmaschinen_Louisendorf_RGB_RZ-01-1024x479.png\" alt=\"\" class=\"wp-image-6\" srcset=\"https:\/\/landmaschinenfreunde-louisendorf.de\/wp-content\/uploads\/2021\/05\/Logo_Landmaschinen_Louisendorf_RGB_RZ-01-1024x479.png 1024w, https:\/\/landmaschinenfreunde-louisendorf.de\/wp-content\/uploads\/2021\/05\/Logo_Landmaschinen_Louisendorf_RGB_RZ-01-300x140.png 300w, https:\/\/landmaschinenfreunde-louisendorf.de\/wp-content\/uploads\/2021\/05\/Logo_Landmaschinen_Louisendorf_RGB_RZ-01-768x359.png 768w, https:\/\/landmaschinenfreunde-louisendorf.de\/wp-content\/uploads\/2021\/05\/Logo_Landmaschinen_Louisendorf_RGB_RZ-01-1536x718.png 1536w, https:\/\/landmaschinenfreunde-louisendorf.de\/wp-content\/uploads\/2021\/05\/Logo_Landmaschinen_Louisendorf_RGB_RZ-01-2048x957.png 2048w\" sizes=\"auto, (max-width: 1024px) 100vw, 1024px\" \/><\/figure>\n<\/div><\/div>\n\n\n\n<div class=\"wp-block-column is-layout-flow wp-block-column-is-layout-flow\" style=\"flex-basis:66.66%\">\n<h2 class=\"wp-block-heading\">Herzlich Willkommen auf der Webseite der Landmaschinenfreunde<br>Louisendorf e.V.<\/h2>\n\n\n\n<p> Wir sind ein noch sehr junger Verein, der sich zum Ziel gesetzt hat, insbesondere sich f\u00fcr die traditionelle landwirtschaftliche Brauchtumspflege und die Erhaltung, Pflege, Nutzung und Pr\u00e4sentation alter Traktoren und landwirtschaftlicher Ger\u00e4te einzusetzen. <\/p>\n\n\n\n<p> Gerne schrauben wir an Schleppern und testen die Ergebnisse bei gemeinsamen Ausfahrten. Bei regelm\u00e4\u00dfigen Treffen tauschen wir uns aus, besuchen Veranstaltungen und wollen auch selbst welche durchf\u00fchren. Bei allen Aktivit\u00e4ten wollen wir das famili\u00e4re im Auge behalten. <\/p>\n\n\n\n<p> Alle, die diese Interessen mit uns teilen m\u00f6chten, sind herzlich bei uns willkommen. <\/p>\n<\/div>\n<\/div>\n\n\n\n<h2 class=\"wp-block-heading\">&nbsp;<\/h2>\n\n\n\n<figure class=\"wp-block-image size-large is-style-rounded\"><img loading=\"lazy\" decoding=\"async\" width=\"1024\" height=\"597\" src=\"http:\/\/landmaschinenfreunde-louisendorf.de\/wp-content\/uploads\/2021\/05\/Gruppenfoto-1024x597.jpg\" alt=\"\" class=\"wp-image-14\" srcset=\"https:\/\/landmaschinenfreunde-louisendorf.de\/wp-content\/uploads\/2021\/05\/Gruppenfoto-1024x597.jpg 1024w, https:\/\/landmaschinenfreunde-louisendorf.de\/wp-content\/uploads\/2021\/05\/Gruppenfoto-300x175.jpg 300w, https:\/\/landmaschinenfreunde-louisendorf.de\/wp-content\/uploads\/2021\/05\/Gruppenfoto-768x448.jpg 768w, https:\/\/landmaschinenfreunde-louisendorf.de\/wp-content\/uploads\/2021\/05\/Gruppenfoto.jpg 1200w\" sizes=\"auto, (max-width: 1024px) 100vw, 1024px\" \/><\/figure>\n","protected":false},"excerpt":{"rendered":"<p>Herzlich Willkommen auf der Webseite der LandmaschinenfreundeLouisendorf e.V. Wir sind ein noch sehr junger Verein, der sich zum Ziel gesetzt hat, insbesondere sich f\u00fcr die traditionelle landwirtschaftliche Brauchtumspflege und die &#8230;<\/p>\n","protected":false},"author":1,"featured_media":0,"parent":0,"menu_order":0,"comment_status":"closed","ping_status":"open","template":"","meta":{"ngg_post_thumbnail":0,"footnotes":""},"class_list":["post-2","page","type-page","status-publish","hentry"],"_links":{"self":[{"href":"https:\/\/landmaschinenfreunde-louisendorf.de\/index.php?rest_route=\/wp\/v2\/pages\/2","targetHints":{"allow":["GET"]}}],"collection":[{"href":"https:\/\/landmaschinenfreunde-louisendorf.de\/index.php?rest_route=\/wp\/v2\/pages"}],"about":[{"href":"https:\/\/landmaschinenfreunde-louisendorf.de\/index.php?rest_route=\/wp\/v2\/types\/page"}],"author":[{"embeddable":true,"href":"https:\/\/landmaschinenfreunde-louisendorf.de\/index.php?rest_route=\/wp\/v2\/users\/1"}],"replies":[{"embeddable":true,"href":"https:\/\/landmaschinenfreunde-louisendorf.de\/index.php?rest_route=%2Fwp%2Fv2%2Fcomments&post=2"}],"version-history":[{"count":27,"href":"https:\/\/landmaschinenfreunde-louisendorf.de\/index.php?rest_route=\/wp\/v2\/pages\/2\/revisions"}],"predecessor-version":[{"id":589,"href":"https:\/\/landmaschinenfreunde-louisendorf.de\/index.php?rest_route=\/wp\/v2\/pages\/2\/revisions\/589"}],"wp:attachment":[{"href":"https:\/\/landmaschinenfreunde-louisendorf.de\/index.php?rest_route=%2Fwp%2Fv2%2Fmedia&parent=2"}],"curies":[{"name":"wp","href":"https:\/\/api.w.org\/{rel}","templated":true}]}}